7 a factor of 31641?
False
Is 418 a multiple of 11?
True
Is 7 a factor of 23741?
False
Does 14 divide 32195?
False
Does 9 divide 20486?
False
Is 1430 a multiple of 11?
True
Does 64 divide 779?
False
Is 882 a multiple of 19?
False
Does 23 divide 805?
True
Is 66178 a multiple of 58?
True
Does 3 divide 17006?
False
Is 7595 a multiple of 217?
True
Is 99 a factor of 8866?
False
Is 23 a factor of 9545?
True
Is 10 a factor of 143?
False
Is 13 a factor of 10752?
False
Does 4 divide 511?
False
Is 90 a factor of 5310?
True
Is 21 a factor of 5088?
False
Is 25 a factor of 50?
True
Does 7 divide 14?
True
Is 22 a factor of 64042?
True
Is 8 a factor of 6059?
False
Is 18 a factor of 522?
True
Does 207 divide 85506?
False
Is 443 a multiple of 17?
False
Does 162 divide 18889?
False
Is 9540 a multiple of 20?
True
Is 35 a factor of 528?
False
Is 6457 a multiple of 5?
False
Is 98 a factor of 840?
False
Does 11 divide 99?
True
Does 9 divide 11153?
False
Is 27435 a multiple of 26?
False
Does 44 divide 48832?
False
Is 74 a factor of 6887?
False
Does 34 divide 6358?
True
Is 360 a multiple of 4?
True
Is 21 a factor of 679?
False
Is 396 a multiple of 9?
True
Is 1650 a multiple of 25?
True
Is 33 a factor of 264?
True
Is 3 a factor of 1584?
True
Is 684 a multiple of 10?
False
Is 10 a factor of 77170?
True
Does 10 divide 15156?
False
Is 45802 a multiple of 64?
False
Is 21185 a multiple of 6?
False
Does 54 divide 3726?
True
Does 15 divide 7380?
True
Does 22 divide 14464?
False
Does 22 divide 336?
False
Is 5118 a multiple of 3?
True
Does 13 divide 3526?
False
Does 67 divide 2626?
False
Is 8848 a multiple of 158?
True
Is 73114 a multiple of 263?
True
Is 12 a factor of 996?
True
Is 2286 a multiple of 11?
False
Does 59 divide 1121?
True
Does 13 divide 786?
False
Is 19361 a multiple of 32?
False
Is 58 a factor of 101606?
False
Is 6409 a multiple of 221?
True
Is 117113 a multiple of 83?
True
Is 78 a factor of 45786?
True
Is 27 a factor of 54434?
False
Is 11 a factor of 1692?
False
Does 25 divide 387?
False
Is 98 a multiple of 2?
True
Is 11 a factor of 1760?
True
Is 5203 a multiple of 13?
False
Is 16 a factor of 231?
False
Is 84 a factor of 25956?
True
Is 5 a factor of 3527?
False
Does 83 divide 27869?
False
Is 62 a factor of 67101?
False
Does 23 divide 1775?
False
Does 19 divide 2325?
False
Is 10 a factor of 17110?
True
Does 6 divide 5052?
True
Does 218 divide 103986?
True
Is 11 a factor of 2343?
True
Is 4454 a multiple of 17?
True
Is 3 a factor of 1001?
False
Does 131 divide 2612?
False
Does 117 divide 4801?
False
Does 8 divide 3712?
True
Does 6 divide 2028?
True
Is 85777 a multiple of 59?
False
Is 4375 a multiple of 3?
False
Is 62 a factor of 1748?
False
Does 6 divide 18534?
True
Does 15 divide 1160?
False
Is 8 a factor of 16964?
False
Does 2 divide 2034?
True
Does 31 divide 744?
True
Does 74 divide 2442?
True
Is 13 a factor of 66823?
False
Does 128 divide 256?
True
Is 114 a factor of 13303?
False
Is 2 a factor of 13800?
True
Is 6498 a multiple of 19?
True
Is 1498 a multiple of 5?
False
Is 814 a multiple of 11?
True
Does 14 divide 1709?
False
Is 91 a multiple of 13?
True
Is 258 a multiple of 3?
True
Is 64 a factor of 6903?
False
Is 37 a factor of 6785?
False
Is 1591 a multiple of 43?
True
Does 155 divide 131906?
False
Does 19 divide 154?
False
Does 29 divide 5624?
False
Is 1260 a multiple of 18?
True
Is 69792 a multiple of 109?
False
Is 12 a factor of 513?
False
Does 14 divide 154?
True
Does 84 divide 23436?
True
Is 11 a factor of 1027?
False
Is 11 a factor of 426?
False
Is 2417 a multiple of 52?
False
Is 103 a factor of 481?
False
Is 258 a multiple of 43?
True
Does 77 divide 3619?
True
Is 48 a factor of 2222?
False
Does 11 divide 79801?
False
Is 2 a factor of 919?
False
Is 232 a factor of 4408?
True
Does 30 divide 3686?
False
Is 121 a factor of 3025?
True
Is 13357 a multiple of 4?
False
Is 10 a factor of 4985?
False
Is 36 a factor of 360?
True
Does 75 divide 41850?
True
Is 746 a multiple of 9?
False
Is 23 a factor of 457?
False
Does 23 divide 3529?
False
Is 91042 a multiple of 98?
True
Is 5 a factor of 237?
False
Does 59 divide 50976?
True
Is 1326 a multiple of 13?
True
Does 21 divide 21?
True
Is 4767 a multiple of 11?
False
Does 6 divide 17249?
False
Is 4 a factor of 242?
False
Does 43 divide 86860?
True
Is 76 a factor of 10215?
False
Is 1292 a multiple of 17?
True
Does 14 divide 2996?
True
Does 9 divide 926?
False
Is 19 a factor of 4391?
False
Is 14664 a multiple of 141?
True
Does 14 divide 574?
True
Is 1067 a multiple of 91?
False
Is 1030 a multiple of 16?
False
Is 87 a factor of 14645?
False
Is 53 a factor of 32944?
False
Does 38 divide 2964?
True
Is 5757 a multiple of 3?
True
Is 40069 a multiple of 105?
False
Does 279 divide 17675?
False
Does 76 divide 24214?
False
Is 517 a multiple of 13?
False
Does 37 divide 1036?
True
Does 12 divide 11796?
True
Does 21 divide 126?
True
Is 149 a factor of 7376?
False
Does 21 divide 37378?
False
Is 52 a factor of 25948?
True
Is 385 a multiple of 35?
True
Is 2 a factor of 40?
True
Is 62 a factor of 1054?
True
Does 6 divide 725?
False
Is 13 a factor of 6292?
True
Is 39 a factor of 768?
False
Is 27 a factor of 1242?
True
Is 4 a factor of 7292?
True
Is 51 a factor of 3060?
True
Does 118 divide 39176?
True
Is 7 a factor of 3358?
False
Does 57 divide 1311?
True
Is 119 a factor of 4641?
True
Is 24 a factor of 14186?
False
Is 560 a multiple of 16?
True
Does 13 divide 26936?
True
Does 6 divide 1055?
False
Does 29 divide 5624?
False
Is 12 a factor of 912?
True
Is 33 a factor of 11814?
True
Is 680 a multiple of 17?
True
Is 53 a factor of 530?
True
Is 38 a factor of 532?
True
Does 5 divide 97?
False
Does 302 divide 3254?
False
Is 9 a factor of 1816?
False
Is 3312 a multiple of 63?
False
Is 10856 a multiple of 13?
False
Is 358 a multiple of 6?
False
Is 6 a factor of 101?
False
Is 37 a factor of 4865?
False
Is 17 a factor of 561?
True
Is 20 a factor of 11341?
False
Is 2741 a multiple of 12?
False
Is 45235 a multiple of 237?
False
Is 4726 a multiple of 17?
True
Is 18 a factor of 15570?
True
Is 14 a factor of 37932?
False
Is 44 a factor of 94820?
True
Is 73 a factor of 1095?
True
Is 1656 a multiple of 12?
True
Does 43 divide 3930?
False
Is 28680 a multiple of 28?
False
Is 5 a factor of 145?
True
Is 5 a factor of 6030?
True
Does 7 divide 45?
False
Is 312 a multiple of 26?
True
Does 15 divide 585?
True
Is 48 a factor of 22752?
True
Is 25593 a multiple of 6?
False
Is 4428 a multiple of 108?
True
Does 8 divide 1168?
True
Does 9 divide 407?
False
Does 51 divide 255?
True
Is 108 a factor of 30728?
False
Does 4 divide 466?
False
Is 285 a multiple of 19?
True
Does 41 divide 851?
False
Does 50 divide 7700?
True
Is 13617 a multiple of 9?
True
Is 18 a factor of 1260?
True
Is 23 a factor of 51871?
False
Does 36 divide 2820?
False
Does 6 divide 508?
False
Is 3 a factor of 298?
False
Does 20 divide 1837?
False
Is 8 a factor of 141?
False
Does 31 divide 11937?
False
Is 950 a multiple of 19?
True
Is 25 a factor of 11025?
True
Is 16 a factor of 16663?
False
Is 74 a factor of 25308?
True
Is 17 a factor of 15334?
True
Is 11 a factor of 231?
True
Is 32870 a multiple of 5?
True
Is 10 a factor of 2190?
True
Is 3447 a multiple of 20?
False
Does 43 divide 146?
False
Is 4660 a multiple of 8?
False
Is 973 a multiple of 3?
False
Is 6 a factor of 124?
False
Does 5 divide 1980?
True
Is 9 a factor of 403?
False
Is 69 even?
False
Is 13 a factor of 375?
False
Is 3248 a multiple of 7?
True
Does 248 divide 44086?
False
Is 407 a multiple of 41?
False
Is 697 a multiple of 13?
False
Is 140 a factor of 35082?
False
Is 130 a factor of 19760?
True
Is 301 a factor of 80066?
True
Is 79 a factor of 4865?
False
Is 399 a multiple of 19?
True
Is 396 a multiple of 36?
True
Does 78 divide 936?
True
Does 129 divide 7353?
True
Does 9 divide 3876?
False
Does 19 divide 6004?
True
Is 90 a multiple of 3?
True
Does 33 divide 1486?
False
Is 3 a factor of 195?
True
Is 1916 a multiple of 14?
False
Is 16 a factor of 2208?
True
Is 27 a factor of 29198?
False
Does 10 divide 6260?
True
Is 48670 a multiple of 31?
True
Does 98 divide 59342?
False
Is 2513 a multiple of 17?
False
Is 38 a factor of 62244?
True
Is 10 a factor of 16518?
False
Is 650 a multiple of 10?
True
Is 94 a factor of 15512?
False
Does 19 divid